f 47058 and 2554431?
1023
What is the greatest common factor of 70884 and 5247?
99
What is the highest common divisor of 13192239 and 9841?
757
What is the greatest common divisor of 39 and 72363980?
13
Calculate the greatest common divisor of 3861 and 457772094.
351
Calculate the greatest common factor of 369690 and 240.
30
What is the greatest common divisor of 2360 and 534280?
40
Calculate the greatest common factor of 75146811 and 453.
453
Calculate the greatest common factor of 30225 and 407355.
195
Calculate the greatest common divisor of 3650 and 4560650.
50
Calculate the greatest common divisor of 207824 and 3152.
16
What is the highest common divisor of 1955003 and 5815?
1163
What is the greatest common divisor of 52 and 89907480?
52
What is the greatest common divisor of 222 and 79667512?
74
Calculate the greatest common factor of 8480 and 248320.
160
Calculate the greatest common divisor of 4 and 199926.
2
Calculate the highest common factor of 15957575 and 60.
5
What is the greatest common factor of 2552 and 503976?
88
What is the greatest common factor of 5568 and 36925376?
64
What is the highest common divisor of 63310 and 36400?
130
What is the highest common factor of 23644124 and 28?
28
Calculate the greatest common factor of 140 and 15103550.
70
Calculate the highest common divisor of 2445 and 28834374.
489
What is the highest common factor of 1013266 and 3881138?
3658
Calculate the highest common factor of 12168 and 3471624.
936
What is the highest common divisor of 14 and 312537253?
7
Calculate the greatest common divisor of 2378 and 30586.
82
Calculate the highest common divisor of 66528 and 37488.
528
Calculate the highest common divisor of 61419665 and 10.
5
Calculate the highest common divisor of 631037865 and 1455.
1455
Calculate the highest common divisor of 2882504 and 1829.
1829
Calculate the greatest common divisor of 1368 and 470763.
171
What is the greatest common divisor of 938 and 20692414?
134
What is the greatest common divisor of 16960 and 29998?
106
What is the highest common factor of 24739 and 14079?
13
What is the greatest common factor of 4921 and 2347058?
259
Calculate the highest common factor of 26 and 2728148.
2
Calculate the greatest common factor of 8603832 and 282.
6
Calculate the greatest common factor of 772564 and 36.
4
What is the highest common factor of 22168 and 4142808?
1304
What is the highest common divisor of 14137 and 173653?
211
What is the greatest common divisor of 15721190 and 10005?
3335
Calculate the highest common divisor of 67207816 and 13528.
712
What is the highest common factor of 1335801 and 1068?
267
Calculate the greatest common divisor of 6443736 and 637.
13
Calculate the greatest common divisor of 124271 and 73472.
287
Calculate the highest common divisor of 235 and 253189.
47
What is the highest common factor of 611 and 114044372?
611
Calculate the highest common factor of 131652876 and 7196.
1028
Calculate the highest common factor of 2001931 and 10217.
601
Calculate the highest common divisor of 97211536 and 5456.
496
What is the greatest common factor of 2691 and 83585151?
2691
Calculate the highest common factor of 108969650 and 63891.
7099
Calculate the highest common divisor of 90235092 and 36.
12
What is the highest common factor of 594394 and 41137?
31
What is the greatest common divisor of 235 and 69143674?
47
What is the greatest common factor of 17323296 and 8928?
2976
What is the highest common factor of 2276983913 and 41?
41
Calculate the highest common factor of 1126 and 14600842.
1126
Calculate the greatest common divisor of 49 and 5330115.
7
What is the highest common factor of 1071 and 15910538?
119
Calculate the greatest common factor of 188 and 1357952388.
188
What is the greatest common factor of 15680 and 84167104?
3136
Calculate the greatest common divisor of 2970 and 4762010.
110
Calculate the greatest common factor of 16 and 61934632.
8
What is the greatest common factor of 6076 and 91658?
14
Calculate the highest common factor of 46698537 and 447.
447
Calculate the highest common divisor of 430191 and 22882500.
9153
Calculate the highest common factor of 361312 and 1177490.
3226
Calculate the greatest common divisor of 15 and 153827445.
15
Calculate the greatest common divisor of 3500816 and 48.
16
Calculate the highest common factor of 28 and 7214382.
14
What is the highest common factor of 66424895 and 1505?
215
Calculate the highest common divisor of 251 and 2523711377.
251
Calculate the highest common divisor of 3222 and 106969326.
1074
What is the highest common factor of 4940624 and 1378?
26
What is the greatest common divisor of 50 and 263172275?
25
What is the greatest common factor of 40753 and 11371?
83
Calculate the highest common divisor of 66990 and 2593122.
1218
Calculate the greatest common factor of 25048 and 775.
31
What is the greatest common factor of 64090016 and 1586?
122
Calculate the highest common factor of 1350 and 20754.
18
Calculate the greatest common divisor of 3181013 and 781.
781
What is the greatest common divisor of 1293120 and 1126990?
4490
What is the highest common factor of 16371 and 8854875?
153
What is the greatest common divisor of 6820 and 1040670?
310
What is the greatest common factor of 2840 and 54094616?
568
What is the greatest common factor of 9428524 and 574?
574
What is the greatest common factor of 71584443 and 119?
7
Calculate the highest common factor of 2345744 and 304.
16
What is the greatest common divisor of 6 and 1360924896?
6
Calculate the highest common factor of 943 and 2282593.
41
What is the highest common factor of 6096 and 1751088?
48
Calculate the greatest common divisor of 2576112 and 59983.
3157
What is the highest common divisor of 24560 and 490116290?
3070
Calculate the greatest common divisor of 104592416 and 266.
38
Calculate the greatest common divisor of 1395936 and 655.
131
Calculate the greatest common factor of 2634 and 73206762.
2634
Calculate the greatest common divisor of 1746 and 34198029.
873
Calculate the greatest common factor of 20 and 606605.
5
What is the highest common factor of 211764 and 15036?
84
Calculate the greatest common divisor of 774459 and 50673.
399
Calculate the highest common factor of 87 and 267003.
87
Calculate the highest common divisor of 3820278 and 63.
21
What is the highest common factor of 190404131 and 17?
17
What is the highest common factor of 22200645 and 549?
183
What is the greatest common factor of 3314322 and 3249?
171
What is the highest common divisor of 855 and 17572245?
285
Calculate the greatest common factor of 4 and 1443372.
4
What is the greatest common factor of 22356 and 340164?
36
What is the highest common divisor of 10748318 and 2142?
238
What is the greatest common factor of 48209 and 588693?
679
What is the highest common divisor of 10488 and 18828720?
552
Calculate the greatest common divisor of 480717 and 527.
31
What is the highest common divisor of 208 and 40010074?
26
Calculate the greatest common factor of 501631214 and 14.
14
What is the greatest common divisor of 1698 and 16498617?
849
Calculate the greatest common divisor of 95600 and 264200.
200
What is the highest common divisor of 2574 and 2889249?
33
What is the highest common divisor of 627 and 2044911?
33
What is the highest common factor of 220 and 1823195?
55
What is the greatest common divisor of 44992 and 362976?
608
Calculate the greatest common factor of 372 and 14753148.
372
Calculate the greatest common divisor of 1540756 and 112.
28
Calculate the highest common factor of 1627002 and 26.
26
What is the greatest common factor of 500 and 793740?
20
What is the greatest common factor of 16309 and 73649?
47
What is the greatest common factor of 1359525730 and 178?
178
What is the highest common factor of 3100 and 775744?
124
What is the highest common divisor of 19821197 and 1485?
11
Calculate the greatest common divisor of 177957684 and 9.
9
Calculate the highest common divisor of 120204 and 764790.
318
What is the greatest common divisor of 48977212 and 6992?
1748
What is the highest common divisor of 50220 and 19820?
20
Calculate the highest common factor of 675276 and 39074.
14
What is the greatest common divisor of 91059402 and 21?
21
